it of 15624328?
5
What is the ten thousands digit of 3392630?
9
What is the units digit of 1449067?
7
What is the units digit of 468808?
8
What is the tens digit of 311798?
9
What is the millions digit of 2411458?
2
What is the millions digit of 1241781?
1
What is the hundred thousands digit of 109400?
1
What is the units digit of 2370195?
5
What is the hundreds digit of 418921?
9
What is the hundred thousands digit of 1288932?
2
What is the units digit of 7556921?
1
What is the tens digit of 11870421?
2
What is the thousands digit of 620451?
0
What is the tens digit of 1746879?
7
What is the millions digit of 16277644?
6
What is the hundreds digit of 504477?
4
What is the thousands digit of 451113?
1
What is the hundreds digit of 6697389?
3
What is the units digit of 4844555?
5
What is the units digit of 567695?
5
What is the hundreds digit of 3082?
0
What is the thousands digit of 272376?
2
What is the hundred thousands digit of 8824891?
8
What is the units digit of 2764783?
3
What is the hundreds digit of 4225688?
6
What is the units digit of 9336366?
6
What is the tens digit of 354270?
7
What is the hundred thousands digit of 7555219?
5
What is the thousands digit of 166333?
6
What is the hundreds digit of 1868481?
4
What is the thousands digit of 4657452?
7
What is the units digit of 6906529?
9
What is the tens digit of 2059106?
0
What is the ten thousands digit of 596116?
9
What is the units digit of 1902414?
4
What is the hundreds digit of 2076429?
4
What is the hundreds digit of 126283?
2
What is the thousands digit of 1631125?
1
What is the hundreds digit of 180983?
9
What is the units digit of 34167?
7
What is the thousands digit of 170504?
0
What is the tens digit of 1212178?
7
What is the units digit of 837285?
5
What is the millions digit of 2886490?
2
What is the tens digit of 790494?
9
What is the hundred thousands digit of 1261038?
2
What is the thousands digit of 193661?
3
What is the hundred thousands digit of 1458532?
4
What is the ten thousands digit of 135577?
3
What is the hundred thousands digit of 345585?
3
What is the tens digit of 1597246?
4
What is the tens digit of 1607138?
3
What is the hundred thousands digit of 841857?
8
What is the units digit of 172670?
0
What is the ten thousands digit of 5257240?
5
What is the units digit of 761851?
1
What is the hundred thousands digit of 595217?
5
What is the tens digit of 69992?
9
What is the ten thousands digit of 154540?
5
What is the hundreds digit of 250489?
4
What is the hundreds digit of 7937050?
0
What is the hundreds digit of 9039112?
1
What is the tens digit of 70?
7
What is the ten thousands digit of 56577?
5
What is the hundred thousands digit of 582015?
5
What is the ten thousands digit of 116146?
1
What is the units digit of 399168?
8
What is the hundreds digit of 2979541?
5
What is the tens digit of 73196?
9
What is the ten thousands digit of 17846807?
4
What is the hundreds digit of 3038632?
6
What is the units digit of 1327009?
9
What is the tens digit of 3003158?
5
What is the hundreds digit of 1933738?
7
What is the tens digit of 392327?
2
What is the thousands digit of 17271081?
1
What is the tens digit of 877240?
4
What is the hundred thousands digit of 11176060?
1
What is the tens digit of 13889019?
1
What is the units digit of 11478890?
0
What is the thousands digit of 37059862?
9
What is the thousands digit of 622109?
2
What is the ten thousands digit of 1376828?
7
What is the hundreds digit of 3542216?
2
What is the tens digit of 566133?
3
What is the units digit of 3272047?
7
What is the ten thousands digit of 18202956?
0
What is the tens digit of 81398?
9
What is the units digit of 1145579?
9
What is the millions digit of 8950771?
8
What is the units digit of 13943489?
9
What is the thousands digit of 272326?
2
What is the hundred thousands digit of 329672?
3
What is the tens digit of 772531?
3
What is the units digit of 241745?
5
What is the units digit of 16084460?
0
What is the tens digit of 169408?
0
What is the hundreds digit of 772684?
6
What is the ten thousands digit of 2385352?
8
What is the units digit of 401680?
0
What is the tens digit of 1896262?
6
What is the tens digit of 7719421?
2
What is the units digit of 2839500?
0
What is the tens digit of 5037811?
1
What is the hundreds digit of 169964?
9
What is the ten thousands digit of 321159?
2
What is the ten millions digit of 12784801?
1
What is the tens digit of 6936745?
4
What is the units digit of 21955?
5
What is the thousands digit of 216226?
6
What is the ten millions digit of 10314728?
1
What is the hundred thousands digit of 300269?
3
What is the hundreds digit of 2775490?
4
What is the hundred thousands digit of 2884025?
8
What is the hundreds digit of 8553679?
6
What is the hundreds digit of 617664?
6
What is the units digit of 2157576?
6
What is the millions digit of 5440266?
5
What is the hundreds digit of 2156733?
7
What is the tens digit of 2350432?
3
What is the hundred thousands digit of 1672129?
6
What is the ten millions digit of 28288130?
2
What is the units digit of 4830517?
7
What is the ten thousands digit of 116951?
1
What is the tens digit of 15946686?
8
What is the hundred thousands digit of 1977150?
9
What is the thousands digit of 381281?
1
What is the hundreds digit of 230826?
8
What is the hundred thousands digit of 5380322?
3
What is the tens digit of 33067?
6
What is the hundreds digit of 61826?
8
What is the units digit of 9748726?
6
What is the millions digit of 2299355?
2
What is the tens digit of 123920?
2
What is the ten thousands digit of 707088?
0
What is the thousands digit of 17227980?
7
What is the tens digit of 14333575?
7
What is the thousands digit of 573110?
3
What is the tens digit of 32379?
7
What is the hundred thousands digit of 420723?
4
What is the units digit of 127662?
2
What is the hundreds digit of 46084?
0
What is the hundreds digit of 25221?
2
What is the thousands digit of 1070081?
0
What is the hundred thousands digit of 271089?
2
What is the tens digit of 8438407?
0
What is the thousands digit of 12854895?
4
What is the hundred thousands digit of 225828?
2
What is the units digit of 260535?
5
What is the units digit of 11287?
7
What is the ten millions digit of 17625325?
1
What is the tens digit of 372683?
8
What is the thousands digit of 286901?
6
What is the units digit of 3516473?
3
What is the ten millions digit of 10657281?
1
What is the hundreds digit of 4199052?
0
What is the tens digit of 681381?
8
What is the ten thousands digit of 1319538?
1
What is the units digit of 1026824?
4
What is the thousands digit of 13046554?
6
What is the ten thousands digit of 9147083?
4
What is the thousands digit of 13225444?
5
What is the ten thousands digit of 188711?
8
What is the units digit of 336810?
0
What is the hundreds digit of 2752532?
5
What is the hundred thousands digit of 24840985?
8
What is the hundreds digit of 107835?
8
What is the hundreds digit of 28727790?
7
What is the units digit of 3336170?
0
What is the hundreds digit of 2861872?
8
What is the hundreds digit of 23097?
0
What is the units digit of 1273466?
6
What is the hundred thousands digit of 721320?
7
What is the thousands digit of 9630404?
0
What is the ten thousands digit of 28620543?
2
What is the tens digit of 3307288?
8
What is the ten millions digit of 11044526?
1
What is the units digit of 31695845?
5
What is the thousands digit of 676756?
6
What is the tens digit of 14659316?
1
What is the thousands digit of 4946?
4
What is the tens digit of 113171?
7
What is the tens digit of 368275?
7
What is the ten thousands digit of 148815?
4
What is the ten millions digit of 13277545?
1
What is the units digit of 26777761?
1
What is the millions digit of 15251338?
5
What is the hundred thousands digit of 2565908?
5
What is the ten thousands digit of 113979?
1
What is the tens digit of 714184?
8
What is the hundreds digit of 16098689?
6
What is the hundreds digit of 68820?
8
What is the tens digit of 519203?
0
What is the tens digit of 928622?
2
What is the ten thousands digit of 512638?
1
What is the units digit of 14298739?
9
What is the ten thousands digit of 1596659?
9
What is the hundreds digit of 490964?
9
What is the thousands digit of 189428?
9
What